+ 4*j + 5843 = 22*r. What are the prime factors of r?
1949
What are the prime factors of 17*(24 - (-5 + 2))?
3, 17
Let i = -9 - -37. Let q = i + -21. Let f(b) = -b + 24. List the prime factors of f(q).
17
Suppose -4*u - 10 + 30 = 0. Let f(k) = k - 1. Let x be f(5). Suppose x*q = -p + 26, q = u*q + 16. List the prime factors of p.
2, 3, 7
Let l(z) = -z**3 - 5*z**2 + 6*z. Let q = 32 + -28. Let d be -6 - (-9)/3 - q. What are the prime factors of l(d)?
2, 7
Let l be (-4)/26 - (-268)/52. List the prime factors of 5/(l/(-3))*(-3 - 12).
3, 5
Suppose 9*g - t - 8605 = 0, -g - 3*t + 427 = -526. List the prime factors of g.
2, 239
Suppose 0 = -5*r + 2*r. Let v be 0/(4 - 3 - r). Suppose 0 = 4*j - v*j - 92. List the prime factors of j.
23
Let w(m) = -5*m. Let c be w(-1). Suppose 0 = -3*g + 14 - c. What are the prime factors of g*(-2)/(-6)*22?
2, 11
Let a be (6/15)/((-3)/30). Let n be 4/(-5 - 3)*a. Let x(k) = 2*k**2 - 2*k + 3. What are the prime factors of x(n)?
7
Let m = -145 + 252. List the prime factors of m.
107
Suppose 3150 = -34*a + 41*a. List the prime factors of a.
2, 3, 5
Let w(j) = 42*j**2 + 27*j - 39. What are the prime factors of w(-8)?
3, 811
List the prime factors of ((3474/4)/9)/(5/20).
2, 193
Let w(u) = -10*u - 1. Let q(s) = s**3 + s**2 + 15. Let m be q(0). Suppose -13*b + m*b + 2 = 0. List the prime factors of w(b).
3
Suppose 2*o + 6688 = 2*r, 9*r - 2*o - 16723 = 4*r. What are the prime factors of r?
3, 5, 223
Suppose 17*a - 622 = 721. What are the prime factors of a?
79
Suppose -5*x + 71 - 16 = -g, -11 = -x - 3*g. Suppose 5*r + 5*s - 10 = 0, s + 1 - x = -5*r. List the prime factors of r.
2
Let g = 41 - 41. Suppose -x + 4*n + 243 - 66 = 0, 4*x + 5*n - 708 = g. List the prime factors of x.
3, 59
Suppose 5*d + 5*c = 5, -c = 2 + 2. Suppose 0*h = d*h - 15. What are the prime factors of (-1 - -4)/h + 37?
2, 19
Suppose f + 24 = -2*d - f, 5*d + 60 = -4*f. Let l be (-69)/d + (-9)/12. Suppose -5*c + 9*c + l*r - 116 = 0, 4*c - 116 = 5*r. What are the prime factors of c?
29
Let l(a) = 2*a - 4. Let r be l(4). Suppose n - r + 6 = -3*o, -4*n = -5*o - 9. Let w = 3 + o. List the prime factors of w.
2
Suppose 14*b = 9*b, -4730 = -5*f + 5*b. What are the prime factors of f?
2, 11, 43
Let b = 45 - 24. Let r be (56/b)/((-4)/(-6)). Suppose r*u = -4*i + 3*u + 59, -3*i - 5*u + 57 = 0. What are the prime factors of i?
2, 7
Let w(y) = 3*y**2 + y + 1. Let b be w(-1). Suppose -b*q - 188 = q. Let n = q + 77. What are the prime factors of n?
2, 3, 5
Let r be 10*((-6)/4)/(-3). Let h(o) = -632*o**2 - 19*o + 633*o**2 + 23*o - 1. List the prime factors of h(r).
2, 11
What are the prime factors of 3532 + (-1 - -6) - 9?
2, 3, 7
Let y(t) = 7*t**2 - 17*t + 93. What are the prime factors of y(15)?
3, 157
Suppose -4*c = 6*c - 7750. What are the prime factors of c?
5, 31
Let k = -468 - -831. Suppose 133 = 4*z - k. What are the prime factors of z?
2, 31
Let j be 2/(-8) - 2025/(-36). Suppose 0 = 2*u - 2*q - 32, 3*u = 4*q + q + j. Suppose -s + 5*s = u. List the prime factors of s.
3
Let x = -10 + 10. Suppose x = 2*y + 2*r - 260, 0*y - r - 120 = -y. List the prime factors of y.
5
Let v(p) be the third derivative of 5*p**2 + 1/24*p**4 + 0*p + 5/3*p**3 + 0. What are the prime factors of v(-8)?
2
Suppose 153 = 2*c - o - 85, -504 = -4*c - 5*o. Suppose 2*u - 214 = -3*z + c, 2 = -2*z. What are the prime factors of u?
13
Let g(x) = 11*x + 2. Let i be -3 + (-21)/(-6) + (-51)/(-6). What are the prime factors of g(i)?
101
Let f be ((-8)/(-6))/((-6)/(-2871)). Suppose -83 = -7*x + f. List the prime factors of x.
103
Let b = 1833 + -603. List the prime factors of b.
2, 3, 5, 41
Let p = -22 + 16. What are the prime factors of 60 + (4 + p)/1?
2, 29
Suppose -i = -4*v - 16, 0 = 4*v - 0*i + 4*i + 16. List the prime factors of 0 + (v - -8 - -50).
2, 3
Let m be -4 + 6 + (2 - -44). Suppose m = s - 0*s. Suppose -s = -5*w - 2*u + 79, 4*w = 4*u + 124. List the prime factors of w.
3
Suppose -4*x + 3*x = -12. Suppose -3*w - 15 = w + 5*m, w + 6 = -2*m. Suppose -2*l = -w*l - x. List the prime factors of l.
2, 3
Let n = -28 + 31. Let s = n + -35. Let k = -23 - s. What are the prime factors of k?
3
Let a be (-16)/(-40) - (-12)/(-5). What are the prime factors of 14*(25/a)/(-5)?
5, 7
Let z = 490 + -301. Let t = z - 91. What are the prime factors of t?
2, 7
Suppose -362*s = -366*s + 18816. List the prime factors of s.
2, 3, 7
Let g(x) = -x**2 + 9*x - 8. Let o be g(7). Let b(l) = -2*l + 10. Let h be b(o). List the prime factors of 1 + h + -1 + 43.
41
Suppose r + 4*c + 38 - 574 = 0, -2*c - 4 = 0. List the prime factors of r.
2, 17
Suppose -6*r = -7*r + 4. What are the prime factors of 120*(r + (-42)/12)?
2, 3, 5
Let i(d) = 2*d**2 - 8*d - 20. Let k = -36 - -45. What are the prime factors of i(k)?
2, 5, 7
Let t be 8/6*(-327)/(-2). Suppose -t - 14 = -4*i. Suppose 3*g - 5 - i = 0. List the prime factors of g.
3, 7
Let c(q) = 3*q - 31. Let n be c(0). Suppose 3*x = -0*x - 3. What are the prime factors of (x - n)*16/20?
2, 3
Let w(v) = -3*v - 6. Let j be w(4). Let p = j + 45. What are the prime factors of p?
3
Let v(u) = -843*u - 39. List the prime factors of v(-4).
3, 11, 101
Suppose -5*m + 927 = 6*w - 2*w, -4*w = -3*m + 537. List the prime factors of m.
3, 61
Let m(z) = z**3 + 4*z**2 - 6*z + 5. Let b be m(-5). Let g(u) = -2 + 0 - u**2 + 13*u + 2. What are the prime factors of g(b)?
2, 3, 5
Suppose -5*c = 2*h - 42 - 432, -1239 = -5*h + c. Suppose 5*m - h - 98 = 0. What are the prime factors of m?
3, 23
Suppose 4382 + 21401 = 19*w. What are the prime factors of w?
23, 59
Suppose 0 = 20*z - 2398 - 11962. What are the prime factors of z?
2, 359
Let c(x) = 2*x + 3. Let s be c(0). Suppose 28 = -2*v - 2*u, 2*v + s*u - 5*u = -12. What are the prime factors of (v/(-25))/((-2)/(-40))?
2
Suppose 5*f - l = 7726 - 1790, 0 = -5*f + 2*l + 5937. List the prime factors of f.
1187
Let q = 2 + 3. Suppose 9 = q*y - 1. Suppose -2*j + 25 = -4*w - 29, -y*w - 81 = -3*j. List the prime factors of j.
3
Let c(k) = k + 3. Let v be c(7). Let j = v - -21. What are the prime factors of j?
31
Let t be (0 + 6/5)*30/9. Suppose 2*z - 369 = t*o - 99, -5 = 5*o. What are the prime factors of z?
7, 19
Let z be -1*2/(-4) + 1606/4. Let v = -251 + z. List the prime factors of v.
151
List the prime factors of (-219 + -14 - 13)*(-9)/2.
3, 41
Suppose -6*f = -4*f - 6*o - 6804, 3*f - 4*o = 10231. What are the prime factors of f?
3, 17, 67
Suppose 0 = 359*r - 354*r - 3050. What are the prime factors of r?
2, 5, 61
Let z = -108 - -216. Suppose 3*q + 135 = 5*o + 4*q, 4*o - 4*q - z = 0. Suppose 5 - o = -b. What are the prime factors of b?
2, 11
Let o = 38 + -68. Let j be o/(-7) - 10/35. List the prime factors of 2/j - (-225)/6.
2, 19
What are the prime factors of (-10)/(-15) + (-9498)/(-9)?
2, 3, 11
Let k = 1233 - -68. What are the prime factors of k?
1301
Let n = 10 + -7. Suppose 2*x = 11 - n. Suppose -2 = -x*c + 78. List the prime factors of c.
2, 5
Let f(p) be the third derivative of p**6/120 + p**5/60 - p**4/24 - p**3/6 - 4*p**2. Let m(c) = c - 4. Let y be m(6). What are the prime factors of f(y)?
3
Suppose -24700 = 158*z - 177*z. List the prime factors of z.
2, 5, 13
Suppose -2*d - 4*c - 14 = 0, 0*c - 4*c - 32 = -4*d. Suppose -d*i = 12 + 15. Let x(h) = -h**2 - 8*h + 11. List the prime factors of x(i).
2
Let c(r) be the first derivative of -1/4*r**4 - 1/2*r**2 + 29*r - 9 + 0*r**3. List the prime factors of c(0).
29
Let y(x) = x**2 + 16*x + 99. List the prime factors of y(-25).
2, 3
Let a(y) = -y**3 - y**2 - y - 8. Let m be a(0). Let g be m/12*(-8 + -1). Let o(w) = w**3 - 5*w**2 - 3*w - 5. What are the prime factors of o(g)?
13
List the prime factors of (-24)/6 + 3244 - 9.
3, 359
Let w be 0 + (48 + -2)/(-1). Let o = 22 + -46. Let i = o - w. List the prime factors of i.
2, 11
Let y(q) = -13*q**2 - 4*q + 8. Let u be y(5). Let p = u + 609. List the prime factors of p.
2, 17
Let f(d) = -2*d**3 - 2*d**2 - 13*d. Let c be f(-9). Suppose 12*u = c + 507. List the prime factors of u.
2, 5
Let c(k) = 24*k - 5. Let w = 7 - 5. List the prime factors of c(w).
43
Let n = -128 - -119. List the prime factors of ((-213)/(-2))/(n/(-12)).
2, 71
Suppose 2*o = 2*y - 47198, 2*y - 5*o = -0*o + 47195. List the prime factors of (12/10)/((-8)/y*-15).
2, 59
Let c(j) = 5*j**2 - 23*j - 17. Wha